{"id":1778,"date":"2026-04-15T13:03:12","date_gmt":"2026-04-15T13:03:12","guid":{"rendered":"https:\/\/corbel.se\/?page_id=1778"},"modified":"2026-04-22T12:03:31","modified_gmt":"2026-04-22T12:03:31","slug":"alingsos","status":"publish","type":"page","link":"https:\/\/corbel.se\/?page_id=1778","title":{"rendered":"Alingsos"},"content":{"rendered":"\t\t<div data-elementor-type=\"wp-page\" data-elementor-id=\"1778\" class=\"elementor elementor-1778\" data-elementor-post-type=\"page\">\n\t\t\t\t<div class=\"elementor-element elementor-element-962db9d e-con-full e-flex e-con e-parent\" data-id=\"962db9d\" data-element_type=\"container\" data-e-type=\"container\">\n\t\t\t\t\t\t\t\n\t\t<img class=\"e-image-base \" \n\t\t\t\t\tdata-interaction-id=\"1055696\" \n\t\t \n\t\t data-e-type=\"widget\" data-id=\"1055696\"\n\t\t\t\t\t\t\t\t\tid=\"1784\"\n\t\t\t\t\t\t\t\t\t\t\t\tsrc=\"https:\/\/corbel.se\/wp-content\/uploads\/2026\/04\/Rendering_2.jpg\"\n\t\t\t\t\t\t\t\t\t\t\t\twidth=\"2400\"\n\t\t\t\t\t\t\t\t\t\t\t\theight=\"1700\"\n\t\t\t\t\t\t\t\t\t\t\t\tsrcset=\"https:\/\/corbel.se\/wp-content\/uploads\/2026\/04\/Rendering_2.jpg 2400w, https:\/\/corbel.se\/wp-content\/uploads\/2026\/04\/Rendering_2-300x213.jpg 300w, https:\/\/corbel.se\/wp-content\/uploads\/2026\/04\/Rendering_2-1024x725.jpg 1024w, https:\/\/corbel.se\/wp-content\/uploads\/2026\/04\/Rendering_2-768x544.jpg 768w, https:\/\/corbel.se\/wp-content\/uploads\/2026\/04\/Rendering_2-1536x1088.jpg 1536w, https:\/\/corbel.se\/wp-content\/uploads\/2026\/04\/Rendering_2-2048x1451.jpg 2048w\"\n\t\t\t\t\t\t\t\t\t\t\t\talt=\"\"\n\t\t\t\t\t\t\/>\n\t\t\t\t\t<\/div>\n\t\t<div class=\"elementor-element elementor-element-96b954a e-flex e-con-boxed e-con e-parent\" data-id=\"96b954a\" data-element_type=\"container\" data-e-type=\"container\">\n\t\t\t\t\t<div class=\"e-con-inner\">\n\t\t\t\t\t\n<hr class=\"e-2cfc39e-622abb8 e-divider-base\" data-interaction-id=\"2cfc39e\"  data-e-type=\"widget\" data-id=\"2cfc39e\" \/>\n\t\t\t\t\t<\/div>\n\t\t\t\t<\/div>\n\t\t<div class=\"elementor-element elementor-element-62e712a e-con-full e-flex e-con e-parent\" data-id=\"62e712a\" data-element_type=\"container\" data-e-type=\"container\">\n\t\t<div class=\"elementor-element elementor-element-479860f e-con-full e-flex e-con e-child\" data-id=\"479860f\" data-element_type=\"container\" data-e-type=\"container\">\n\t\t\t\t\t\t\t<h2 \n\t\tdata-interaction-id=\"8104b76\" \n\t\tclass=\"e-8104b76-02c17f3 e-heading-base\" \n\t\t \n\t\tdata-e-type=\"widget\" data-id=\"8104b76\"\n\t>\n\t\n\t\t\tStadsskogen, etapp 4\n\t\t<\/h2>\n\t\t\t\t\t\t\t\t<p class=\"e-b246666-2e4ace2 e-paragraph-base\" data-interaction-id=\"b246666\"  data-e-type=\"widget\" data-id=\"b246666\">\n\t\t\t\t\t\t\t\tAlings\u00e5s<br>Status: markanvisning\n\t\t\t\t\t<\/p>\n\t\t\t\t\t\t\t\t<p class=\"e-030da22-5e85929 e-paragraph-base\" data-interaction-id=\"030da22\"  data-e-type=\"widget\" data-id=\"030da22\">\n\t\t\t\t\t\t\t\tTr\u00e4dg\u00e5rdsstaden \u2013 en modern tolkning i Alings\u00e5s\n\t\t\t\t\t<\/p>\n\t\t\t\t\t\t\t\t<p class=\"e-4b125c0-5826689 e-paragraph-base\" data-interaction-id=\"4b125c0\"  data-e-type=\"widget\" data-id=\"4b125c0\">\n\t\t\t\t\t\t\t\tProjektet tar avstamp i tr\u00e4dg\u00e5rdsstadens id\u00e9er och utvecklar dem till en samtida bostadsmilj\u00f6 d\u00e4r tradition och modernitet m\u00f6ts. De klassiska kvaliteterna fr\u00e5n Alings\u00e5s bevaras, samtidigt som de ges en ny och mer funktionell tolkning anpassad till dagens livsstil.<br><br>En central id\u00e9 \u00e4r de tydligt definierade f\u00f6rtr\u00e4dg\u00e5rdarna. Genom att samla parkering vid omr\u00e5dets infart frig\u00f6rs mark framf\u00f6r bost\u00e4derna, vilket skapar gr\u00f6na, levande entr\u00e9rum. F\u00f6rtr\u00e4dg\u00e5rdarna blir en mjuk \u00f6verg\u00e5ng mellan privat och offentlig milj\u00f6, d\u00e4r h\u00e4ckar, v\u00e4xtlighet och sittplatser ger b\u00e5de struktur och liv.<br><br>Bakom husen \u00f6ppnar sig gener\u00f6sa tr\u00e4dg\u00e5rdar som m\u00f6ter naturen. Gr\u00e4nsen mellan det privata och landskapet g\u00f6rs mer organisk, d\u00e4r Stadsskogen och \u00e4ngen flyter in i bostadsomr\u00e5det. Frukttr\u00e4d, odling och gemensamma gr\u00f6na ytor skapar f\u00f6ruts\u00e4ttningar f\u00f6r b\u00e5de social samvaro och vardagsn\u00e4ra naturkontakt.<br><br>Bebyggelsen inspireras av Alings\u00e5s traditionella hus, men tolkas i en uppdaterad arkitektur med h\u00e5llbara material, ljusare uttryck och st\u00f6rre \u00f6ppenhet mot omgivningen. Variation i f\u00e4rgs\u00e4ttning och detaljer ger varje hus egen karakt\u00e4r, samtidigt som helheten h\u00e5lls samman.<br><br>Genom att samla biltrafik i omr\u00e5dets kant minskar n\u00e4rvaron av bilar inne i kvarteren, vilket st\u00e4rker trygghet, gr\u00f6nska och gemenskap. Parkeringen kompletteras med laddning, cykelplatser och mobilitetsl\u00f6sningar som st\u00f6djer ett mer h\u00e5llbart vardagsliv.<br><br>Husen utformas med ljusa, \u00f6ppna planl\u00f6sningar d\u00e4r stora f\u00f6nster skapar kontakt mellan inne och ute. Sociala ytor samlas p\u00e5 bottenplan medan \u00f6vre v\u00e5ningar ger lugn och avskildhet. Materialvalen kombinerar h\u00e5llbarhet med v\u00e4rme och taktil kvalitet.<br><br>Helheten \u00e4r en samtida tr\u00e4dg\u00e5rdsstad d\u00e4r landskap, bostad och vardagsliv v\u00e4vs samman \u2013 med respekt f\u00f6r historien men med tydlig riktning mot framtiden.\n\t\t\t\t\t<\/p>\n\t\t\t\t<\/div>\n\t\t<div class=\"elementor-element elementor-element-108960e e-con-full e-flex e-con e-child\" data-id=\"108960e\" data-element_type=\"container\" data-e-type=\"container\">\n\t\t\t\t\t\t\t\n\t\t<img class=\"e-image-base \" \n\t\t\t\t\tdata-interaction-id=\"b4ca185\" \n\t\t \n\t\t data-e-type=\"widget\" data-id=\"b4ca185\"\n\t\t\t\t\t\t\t\t\tid=\"1783\"\n\t\t\t\t\t\t\t\t\t\t\t\tsrc=\"https:\/\/corbel.se\/wp-content\/uploads\/2026\/04\/Rendering_1.jpg\"\n\t\t\t\t\t\t\t\t\t\t\t\twidth=\"6000\"\n\t\t\t\t\t\t\t\t\t\t\t\theight=\"8000\"\n\t\t\t\t\t\t\t\t\t\t\t\tsrcset=\"https:\/\/corbel.se\/wp-content\/uploads\/2026\/04\/Rendering_1.jpg 6000w, https:\/\/corbel.se\/wp-content\/uploads\/2026\/04\/Rendering_1-225x300.jpg 225w, https:\/\/corbel.se\/wp-content\/uploads\/2026\/04\/Rendering_1-768x1024.jpg 768w\"\n\t\t\t\t\t\t\t\t\t\t\t\talt=\"\"\n\t\t\t\t\t\t\/>\n\t\t\t\t\t<\/div>\n\t\t\t\t<\/div>\n\t\t<div class=\"elementor-element elementor-element-46612f0 e-flex e-con-boxed e-con e-parent\" data-id=\"46612f0\" data-element_type=\"container\" data-e-type=\"container\">\n\t\t\t\t\t<div class=\"e-con-inner\">\n\t\t\t\t\t\n<hr class=\"e-53c1527-cde6f38 e-divider-base\" data-interaction-id=\"53c1527\"  data-e-type=\"widget\" data-id=\"53c1527\" \/>\n\t\t\t\t\t<\/div>\n\t\t\t\t<\/div>\n\t\t<div class=\"elementor-element elementor-element-988df79 e-con-full e-flex e-con e-parent\" data-id=\"988df79\" data-element_type=\"container\" data-e-type=\"container\">\n\t\t\t\t\t\t\t\n\t\t<img class=\"e-image-base \" \n\t\t\t\t\tdata-interaction-id=\"2bb0b97\" \n\t\t \n\t\t data-e-type=\"widget\" data-id=\"2bb0b97\"\n\t\t\t\t\t\t\t\t\tid=\"1785\"\n\t\t\t\t\t\t\t\t\t\t\t\tsrc=\"https:\/\/corbel.se\/wp-content\/uploads\/2026\/04\/Situtationsplan.jpg\"\n\t\t\t\t\t\t\t\t\t\t\t\twidth=\"2400\"\n\t\t\t\t\t\t\t\t\t\t\t\theight=\"1700\"\n\t\t\t\t\t\t\t\t\t\t\t\tsrcset=\"https:\/\/corbel.se\/wp-content\/uploads\/2026\/04\/Situtationsplan.jpg 2400w, https:\/\/corbel.se\/wp-content\/uploads\/2026\/04\/Situtationsplan-300x213.jpg 300w, https:\/\/corbel.se\/wp-content\/uploads\/2026\/04\/Situtationsplan-1024x725.jpg 1024w, https:\/\/corbel.se\/wp-content\/uploads\/2026\/04\/Situtationsplan-768x544.jpg 768w, https:\/\/corbel.se\/wp-content\/uploads\/2026\/04\/Situtationsplan-1536x1088.jpg 1536w, https:\/\/corbel.se\/wp-content\/uploads\/2026\/04\/Situtationsplan-2048x1451.jpg 2048w\"\n\t\t\t\t\t\t\t\t\t\t\t\talt=\"\"\n\t\t\t\t\t\t\/>\n\t\t\t\t\t<\/div>\n\t\t<div class=\"elementor-element elementor-element-a7fd663 e-con-full e-flex e-con e-parent\" data-id=\"a7fd663\" data-element_type=\"container\" data-e-type=\"container\">\n\t\t\t\t\t\t\t\n\t\t<img class=\"e-image-base \" \n\t\t\t\t\tdata-interaction-id=\"8774e32\" \n\t\t \n\t\t data-e-type=\"widget\" data-id=\"8774e32\"\n\t\t\t\t\t\t\t\t\tid=\"1782\"\n\t\t\t\t\t\t\t\t\t\t\t\tsrc=\"https:\/\/corbel.se\/wp-content\/uploads\/2026\/04\/L-hus-framsida.jpg\"\n\t\t\t\t\t\t\t\t\t\t\t\twidth=\"2400\"\n\t\t\t\t\t\t\t\t\t\t\t\theight=\"1700\"\n\t\t\t\t\t\t\t\t\t\t\t\tsrcset=\"https:\/\/corbel.se\/wp-content\/uploads\/2026\/04\/L-hus-framsida.jpg 2400w, https:\/\/corbel.se\/wp-content\/uploads\/2026\/04\/L-hus-framsida-300x213.jpg 300w, https:\/\/corbel.se\/wp-content\/uploads\/2026\/04\/L-hus-framsida-1024x725.jpg 1024w, https:\/\/corbel.se\/wp-content\/uploads\/2026\/04\/L-hus-framsida-768x544.jpg 768w, https:\/\/corbel.se\/wp-content\/uploads\/2026\/04\/L-hus-framsida-1536x1088.jpg 1536w, https:\/\/corbel.se\/wp-content\/uploads\/2026\/04\/L-hus-framsida-2048x1451.jpg 2048w\"\n\t\t\t\t\t\t\t\t\t\t\t\talt=\"\"\n\t\t\t\t\t\t\/>\n\t\t\t\t\t<\/div>\n\t\t<div class=\"elementor-element elementor-element-da78205 e-con-full e-flex e-con e-parent\" data-id=\"da78205\" data-element_type=\"container\" data-e-type=\"container\">\n\t\t\t\t\t\t\t\n\t\t<img class=\"e-image-base \" \n\t\t\t\t\tdata-interaction-id=\"0a4c45e\" \n\t\t \n\t\t data-e-type=\"widget\" data-id=\"0a4c45e\"\n\t\t\t\t\t\t\t\t\tid=\"1779\"\n\t\t\t\t\t\t\t\t\t\t\t\tsrc=\"https:\/\/corbel.se\/wp-content\/uploads\/2026\/04\/250330_inlamning-scaled.jpg\"\n\t\t\t\t\t\t\t\t\t\t\t\twidth=\"2560\"\n\t\t\t\t\t\t\t\t\t\t\t\theight=\"1810\"\n\t\t\t\t\t\t\t\t\t\t\t\tsrcset=\"https:\/\/corbel.se\/wp-content\/uploads\/2026\/04\/250330_inlamning-scaled.jpg 2560w, https:\/\/corbel.se\/wp-content\/uploads\/2026\/04\/250330_inlamning-300x212.jpg 300w, https:\/\/corbel.se\/wp-content\/uploads\/2026\/04\/250330_inlamning-1024x724.jpg 1024w, https:\/\/corbel.se\/wp-content\/uploads\/2026\/04\/250330_inlamning-768x543.jpg 768w, https:\/\/corbel.se\/wp-content\/uploads\/2026\/04\/250330_inlamning-1536x1086.jpg 1536w, https:\/\/corbel.se\/wp-content\/uploads\/2026\/04\/250330_inlamning-2048x1448.jpg 2048w\"\n\t\t\t\t\t\t\t\t\t\t\t\talt=\"\"\n\t\t\t\t\t\t\/>\n\t\t\t\t\t<\/div>\n\t\t<div class=\"elementor-element elementor-element-4ff2646 e-con-full e-flex e-con e-parent\" data-id=\"4ff2646\" data-element_type=\"container\" data-e-type=\"container\">\n\t\t\t\t\t\t\t\n\t\t<img class=\"e-image-base \" \n\t\t\t\t\tdata-interaction-id=\"931347b\" \n\t\t \n\t\t data-e-type=\"widget\" data-id=\"931347b\"\n\t\t\t\t\t\t\t\t\tid=\"1780\"\n\t\t\t\t\t\t\t\t\t\t\t\tsrc=\"https:\/\/corbel.se\/wp-content\/uploads\/2026\/04\/250330_inlamning2-scaled.jpg\"\n\t\t\t\t\t\t\t\t\t\t\t\twidth=\"2560\"\n\t\t\t\t\t\t\t\t\t\t\t\theight=\"1810\"\n\t\t\t\t\t\t\t\t\t\t\t\tsrcset=\"https:\/\/corbel.se\/wp-content\/uploads\/2026\/04\/250330_inlamning2-scaled.jpg 2560w, https:\/\/corbel.se\/wp-content\/uploads\/2026\/04\/250330_inlamning2-300x212.jpg 300w, https:\/\/corbel.se\/wp-content\/uploads\/2026\/04\/250330_inlamning2-1024x724.jpg 1024w, https:\/\/corbel.se\/wp-content\/uploads\/2026\/04\/250330_inlamning2-768x543.jpg 768w, https:\/\/corbel.se\/wp-content\/uploads\/2026\/04\/250330_inlamning2-1536x1086.jpg 1536w, https:\/\/corbel.se\/wp-content\/uploads\/2026\/04\/250330_inlamning2-2048x1448.jpg 2048w\"\n\t\t\t\t\t\t\t\t\t\t\t\talt=\"\"\n\t\t\t\t\t\t\/>\n\t\t\t\t\t<\/div>\n\t\t<div class=\"elementor-element elementor-element-53e0aff e-con-full e-flex e-con e-parent\" data-id=\"53e0aff\" data-element_type=\"container\" data-e-type=\"container\">\n\t\t\t\t\t\t\t\n\t\t<img class=\"e-image-base \" \n\t\t\t\t\tdata-interaction-id=\"dde69d0\" \n\t\t \n\t\t data-e-type=\"widget\" data-id=\"dde69d0\"\n\t\t\t\t\t\t\t\t\tid=\"1781\"\n\t\t\t\t\t\t\t\t\t\t\t\tsrc=\"https:\/\/corbel.se\/wp-content\/uploads\/2026\/04\/250330_inlamning3-scaled.jpg\"\n\t\t\t\t\t\t\t\t\t\t\t\twidth=\"2560\"\n\t\t\t\t\t\t\t\t\t\t\t\theight=\"1810\"\n\t\t\t\t\t\t\t\t\t\t\t\tsrcset=\"https:\/\/corbel.se\/wp-content\/uploads\/2026\/04\/250330_inlamning3-scaled.jpg 2560w, https:\/\/corbel.se\/wp-content\/uploads\/2026\/04\/250330_inlamning3-300x212.jpg 300w, https:\/\/corbel.se\/wp-content\/uploads\/2026\/04\/250330_inlamning3-1024x724.jpg 1024w, https:\/\/corbel.se\/wp-content\/uploads\/2026\/04\/250330_inlamning3-768x543.jpg 768w, https:\/\/corbel.se\/wp-content\/uploads\/2026\/04\/250330_inlamning3-2048x1448.jpg 2048w\"\n\t\t\t\t\t\t\t\t\t\t\t\talt=\"\"\n\t\t\t\t\t\t\/>\n\t\t\t\t\t<\/div>\n\t\t\t\t<\/div>\n\t\t","protected":false},"excerpt":{"rendered":"<p>Stadsskogen, etapp 4 Alings\u00e5sStatus: markanvisning Tr\u00e4dg\u00e5rdsstaden \u2013 en modern tolkning i Alings\u00e5s Projektet tar avstamp i tr\u00e4dg\u00e5rdsstadens id\u00e9er och utvecklar dem till en samtida bostadsmilj\u00f6 d\u00e4r tradition och modernitet m\u00f6ts. De klassiska kvaliteterna fr\u00e5n Alings\u00e5s bevaras, samtidigt som de ges en ny och mer funktionell tolkning anpassad till dagens livsstil. En central id\u00e9 \u00e4r de [&hellip;]<\/p>\n","protected":false},"author":1,"featured_media":0,"parent":0,"menu_order":0,"comment_status":"closed","ping_status":"closed","template":"elementor_header_footer","meta":{"footnotes":""},"class_list":["post-1778","page","type-page","status-publish","hentry"],"_links":{"self":[{"href":"https:\/\/corbel.se\/index.php?rest_route=\/wp\/v2\/pages\/1778","targetHints":{"allow":["GET"]}}],"collection":[{"href":"https:\/\/corbel.se\/index.php?rest_route=\/wp\/v2\/pages"}],"about":[{"href":"https:\/\/corbel.se\/index.php?rest_route=\/wp\/v2\/types\/page"}],"author":[{"embeddable":true,"href":"https:\/\/corbel.se\/index.php?rest_route=\/wp\/v2\/users\/1"}],"replies":[{"embeddable":true,"href":"https:\/\/corbel.se\/index.php?rest_route=%2Fwp%2Fv2%2Fcomments&post=1778"}],"version-history":[{"count":6,"href":"https:\/\/corbel.se\/index.php?rest_route=\/wp\/v2\/pages\/1778\/revisions"}],"predecessor-version":[{"id":2081,"href":"https:\/\/corbel.se\/index.php?rest_route=\/wp\/v2\/pages\/1778\/revisions\/2081"}],"wp:attachment":[{"href":"https:\/\/corbel.se\/index.php?rest_route=%2Fwp%2Fv2%2Fmedia&parent=1778"}],"curies":[{"name":"wp","href":"https:\/\/api.w.org\/{rel}","templated":true}]}}